 = -g**3 + 5*g**2 - 6. Give p(6).
-42
Let h(n) = n + 17. What is h(-4)?
13
Let d(v) = -4*v**2 - 3*v + 16. What is d(2)?
-6
Let i(a) = -2*a**3 - 3*a**2 + 2*a. Give i(-3).
21
Let q(c) = -34*c - 84. What is q(-2)?
-16
Let s(k) = k**3 - 3*k**2 + 8*k - 15. What is s(3)?
9
Let a(b) = -5*b**3 + 2*b**2 + 4. What is a(3)?
-113
Let b(y) = -y**2 + 2*y + 46. Calculate b(5).
31
Let s(i) = -5*i**3 + i. What is s(-1)?
4
Let g(k) = -k**3 + 34*k**2 - 36*k + 95. Calculate g(33).
-4
Let d(t) = -t**3 - 6*t**2 + 7*t. What is d(-7)?
0
Let o(b) = b**3 + 20*b**2 - 3*b - 14. What is o(-20)?
46
Let d(u) = -2*u**3 + 15*u**2 + 10*u - 8. Calculate d(8).
8
Let c(g) = 3*g**2 - 148*g - 103. Determine c(50).
-3
Let o(v) = -49*v**3 - 2*v**2 + v + 1. What is o(1)?
-49
Let f(t) = -19*t**3 + 6*t**2 + 6*t - 1. Give f(-1).
18
Let c(m) = -56*m**2 + 2*m + 2. Calculate c(-1).
-56
Let u(s) = 3*s - 2. What is u(7)?
19
Let w(r) = r**3 + 18*r**2 - 18*r - 9. Determine w(-19).
-28
Let h(k) = k**3 + 2*k + 58. Determine h(0).
58
Let s(f) = 17*f**2 + 5*f + 2. Determine s(-1).
14
Let t(j) = 2*j**3 - 13*j**2 + 11*j - 6. Determine t(6).
24
Let p(j) = j**3 - 8*j**2 + 9*j - 3. What is p(6)?
-21
Let a(c) = c**2 - 11*c. Determine a(12).
12
Let x(q) = 18*q - 21. Determine x(0).
-21
Let u(c) = c**2 + 3*c - 2. Give u(-4).
2
Let u(b) = b**2 + 14*b - 4. Determine u(-10).
-44
Let z(d) = -d**3 + 15*d**2 - 35*d - 4. What is z(12)?
8
Let w(f) = 5*f + 71. Calculate w(-14).
1
Let h(j) = -4*j - 32. Give h(-9).
4
Let t(l) = -2*l - 8. Determine t(3).
-14
Let x(v) = v**2 - 11*v + 27. Give x(9).
9
Let t(a) = a**3 + 12*a**2 + 35*a + 35. Determine t(-8).
11
Let i(y) = 5*y - 110. Calculate i(22).
0
Let b(a) = a**3 + 23*a**2 - 23*a - 2. Determine b(-24).
-26
Let a(v) = -6*v**2 + 157*v - 29. Give a(26).
-3
Let k(x) = 2*x + 46. Calculate k(14).
74
Let a(f) = f**2 + 5*f - 14. Calculate a(-5).
-14
Let u(c) = 11*c + 6. What is u(4)?
50
Let g(u) = 24*u - 9. Determine g(3).
63
Let s(u) = -10*u - 379. What is s(-39)?
11
Let l(v) = -v**3 + 15*v**2 - v + 10. What is l(15)?
-5
Let b(f) = -12*f**2 - 101*f - 24. What is b(-8)?
16
Let m(x) = -97*x + 863. Calculate m(9).
-10
Let u(w) = w**3 - 4*w**2 - 7*w + 5. Give u(5).
-5
Let r(a) = a**2 - a - 48. Give r(-7).
8
Let n(y) = -53*y + 113. What is n(2)?
7
Let n(g) = -g**2 + 9*g - 10. Determine n(7).
4
Let a(j) = 9*j - 5. What is a(-3)?
-32
Let r(y) = 2*y**2 - 26*y + 35. Determine r(11).
-9
Let i(a) = 2*a**2 - 8*a + 14. Give i(0).
14
Let d(w) = -w**3 + 30*w**2 + 63*w + 33. What is d(32)?
1
Let f(i) = -3*i - 13. Determine f(-12).
23
Let q(c) = 17*c + 81. Calculate q(-6).
-21
Let s(b) = -9*b - 3. Give s(-2).
15
Let p(k) = k**3 - 39*k**2 - 5*k + 197. Determine p(39).
2
Let q(u) = -u**3 + 13*u**2 + 15. What is q(13)?
15
Let c(y) = y**3 - 6*y**2 - 4*y + 14. Calculate c(6).
-10
Let n(m) = m**2 - 7*m. What is n(8)?
8
Let l(a) = -3*a - 4. Determine l(1).
-7
Let l(h) = -h**2 + 14*h - 22. What is l(9)?
23
Let g(x) = x**2 - 6. Give g(-3).
3
Let s(n) = 3*n**2 - 52. Give s(-6).
56
Let m(x) = 35*x**2 - 2*x + 3. Give m(-1).
40
Let j(n) = n**3 + 14*n**2 + 2*n + 2. What is j(-14)?
-26
Let d(k) = -k**2 - 10*k. What is d(-9)?
9
Let y(m) = m**2 + 5*m + 2. Calculate y(-5).
2
Let p(u) = u**3 - u**2 - 2*u - 6. Determine p(0).
-6
Let t(x) = -x**2 - 6*x + 34. Calculate t(4).
-6
Let y(l) = l**3 + 8*l**2 + 3*l + 11. What is y(-8)?
-13
Let u(m) = -12*m**2 + 1. Calculate u(-1).
-11
Let v(a) = a - 30. Determine v(0).
-30
Let q(y) = 4*y - 7. What is q(4)?
9
Let k(w) = -12*w + 8. Determine k(1).
-4
Let a(c) = -7*c + 46. Give a(12).
-38
Let w(z) = 4*z + 1. Determine w(-2).
-7
Let p(f) = 2*f**2 + 25*f + 17. Determine p(-10).
-33
Let n(i) = -i**3 - 5*i**2 - 5*i - 4. Determine n(-4).
0
Let h(g) = g**2 + 2*g + 1. Calculate h(2).
9
Let f(c) = -c**2 - 17*c - 21. Calculate f(-16).
-5
Let i(o) = o**2 - 11*o + 6. Determine i(10).
-4
Let q(n) = -16*n + 37. Calculate q(2).
5
Let g(s) = s**2 - 19. Give g(6).
17
Let i(x) = 5*x - 2. Determine i(-4).
-22
Let v(r) = r**3 + 7*r**2 - 14*r - 25. Determine v(-8).
23
Let l(p) = -p**3 + 4*p**2 + 10*p + 17. Give l(6).
5
Let d(p) = -20*p**2 - 2*p + 2. Calculate d(1).
-20
Let n(h) = -h**3 - 18*h**2 + 28*h - 235. Determine n(-20).
5
Let l(b) = -8*b - 8. Give l(0).
-8
Let t(f) = 2*f + 33. Determine t(-6).
21
Let w(p) = p**2 - 10*p - 10. Give w(10).
-10
Let c(y) = -8*y**3 + y**2 - y + 1. Give c(1).
-7
Let v(n) = 10*n**2 + 5*n + 5. What is v(-2)?
35
Let p(l) = l + 5. Give p(-13).
-8
Let s(f) = -4*f**2 - 10*f + 12. Give s(-6).
-72
Let q(s) = -s**3 - 8*s**2 + 10*s + 5. What is q(-9)?
-4
Let n(m) = -3*m - 28. What is n(-9)?
-1
Let d(y) = 10*y + 17. Calculate d(-12).
-103
Let t(m) = -m**3 + 27*m + 11. Give t(-5).
1
Let u(g) = -g**3 - 26. Determine u(0).
-26
Let t(w) = -4*w + 6. Determine t(6).
-18
Let n(u) = u**2 + 13*u - 6. Give n(-14).
8
Let z(q) = q**3 - 9*q**2 - 8*q - 17. Determine z(10).
3
Let v(u) = -5*u + 10. Determine v(-5).
35
Let f(t) = -3*t - 5. What is f(1)?
-8
Let j(y) = 61*y**2 + y. Give j(1).
62
Let q(d) = -d**3 + 27*d**2 + 58*d + 5. Determine q(29).
5
Let a(c) = c**3 + 2*c + 9. What is a(0)?
9
Let u(j) = -j**2 - 44*j - 117. Determine u(-41).
6
Let j(b) = b**2 - 27*b + 25. Calculate j(26).
-1
Let u(x) = x**3 - 3*x**2 + 6*x + 2. Give u(5).
82
Let a(j) = -j**2 + 2*j + 7. Give a(-3).
-8
Let x(g) = -g**3 + 3*g**2 - g - 1. What is x(3)?
-4
Let h(c) = -c**2 + c - 2. Give h(-2).
-8
Let p(t) = t**2 + 9*t - 3. What is p(-8)?
-11
Let a(w) = w**2 - 17*w + 41. What is a(14)?
-1
Let j(f) = -13*f + 50. Give j(12).
-106
Let n(j) = 16*j - 56. Calculate n(0).
-56
Let c(q) = q**3 - 6*q**2 - 2*q + 7. Give c(6).
-5
Let a(q) = q**3 + 4*q**2 - 7*q - 1. Calculate a(-5).
9
Let v(z) = z**2 + 16*z + 51. What is v(-5)?
-4
Let d(u) = 2*u**2 + 18*u + 19. Give d(-8).
3
Let t(n) = -12*n**2 - 5*n - 15. Give t(-3).
-108
Let k(p) = -151*p**3 - 3*p**2 + 7*p - 3. Calculate k(1).
-150
Let m(r) = -r**2 + 19*r + 3. Determine m(0).
3
Let s(t) = -2*t**2 - 10*t - 1. Give s(-5).
-1
Let w(k) = -3*k**2 + k - 1. Give w(2).
-11
Let a(n) = 2*n - 70. Give a(39).
8
Let v(s) = -s**2 + 42*s - 182. Calculate v(37).
3
Let k(s) = -3*s**2. Calculate k(2).
-12
Let t(z) = -20*z + 1. Give t(2).
-39
Let w(c) = 2*c**3 + 4*c**2 + c - 4. What is w(-3)?
-25
Let l(v) = -13*v**2 - 4*v + 3. Calculate l(2).
-57
Let s(i) = -i + 19. Give s(4).
15
Let u(c) = -c**3 + 9*c**2 - 3*c. What is u(9)?
-27
Let s(y) = -y**3 + 6*y**2 - 2*y - 2. Determine s(6).
-14
Let v(i) = -16*i - 183. Determine v(-11).
-7
Let o(h) = h**2 + 17*h - 48. What is o(-20)?
12
Let m(k) = -4*k - 116. Determine m(-33).
16
Let i(n) = -n**2 + 6*n + 1. Calculate i(3).
10
Let g(u) = -21*u - 134. What is g(-6)?
-8
Let v(y) = -53*y + 523. Give v(10).
-7
Let w(z) = 71*z**3 + 2*z**2 + z. Determine w(-1).
-70
Let o(c) = c**3 - 3*c**2 - 19. Give o(4).
-3
Let j(b) = 2*b**3 - 3*b**2 - 4*b + 10. Calculate j(2).
6
Let v(s) = 8*s**2 + 2*s + 1. What is v(-2)?
29
Let u(z) = -z**2 + 14*z - 14. Determine u(13).
-1
Let o(g) = -2*g**2 + 74*g + 13. Determine o(37).
13
Let s(f) = -f**3 + 13*f**2 - 15*f + 33. Determine s(12).
-3
Let g(s) = -4*s - 29. Calculate g(-11).
15
Let j(v) = -2*v**2 + 9*v + 2. Determine j(4).
6
Let h(n) = -17*n**2 - 153*n - 1. Determine h(-9).
-1
Let g(u) = u**2 - 10*u + 9. What is g(10)?
9
Let x(w) = -w**3 + w + 4. Calculate x(3).
-20
Let r(b) = 21*b - 5. What is r(3)?
58
Let m(j) = j**3 - 14*j**2 + j - 11. Calculate m(14).
3
Let j(w) = 29*w**2. Determine j(-1).
29
Let q(y) = 41*y + 365. What is q(-9)?
-4
Let g(a) = a**2 - 9*a - 17. Give g(-5).
53
Let o(q) = -q**3 - q**2 - 3*q + 2. What is o(2)?
-16
Let g(o) = 2*o**3 - 21*o**2 + 10*o + 4. Calculate g(10).
4
Let p(w) = w**3 - 10*w**2 + 13*w - 11. What is p(8)?
-35
Let t(j) = 5*j - 37. Determine t(-3).
-52
Let q(g) = -g**2 + 8*g - 12. What is q(5)?
3
Let j(u) = 19*u**2 - 2*u + 1. What is j(1)?
18
Let k(g) = -8*g**2 + 6*g + 19. What is k(5)?
-151
Let d(q) = 25*q - 5. What is d(2)?
45
Let v(c) = c**3 + 13*c**2 - 7*c - 87. Calculate v(-13).
4
Let q(x) = x**3 + 5*x**2 + 12. What is q(-5)?
12
Let c(l) = -3*l**2 - 1. What is c(2)?
-13
Let o(d) = -d + 8. Give o(-5).
13
Let t(z) = 7*z**2 - 18*z + 17. Give t(1).
6
Let w(j) = j**3 + 14*j**2 + 4*j + 28. Calculate w(-14).
-28
Let d(z) = -103*z + 507. Determine d(5).
-8
Let y(b) = -b**3 + b**2 - 1. De